?
True
Is 60246900 a multiple of 30?
True
Does 93 divide 42049485?
True
Is 15839571 a multiple of 194?
False
Is 7 a factor of 2010015?
True
Is 8620 a factor of 2002048134?
False
Is 2411381958 a multiple of 781?
False
Is 27 a factor of 1276970268?
False
Is 6330 a factor of 215302290?
True
Is 28 a factor of 46818072?
True
Is 13664586 a multiple of 733?
True
Does 7 divide 229545526?
True
Is 185343510 a multiple of 10?
True
Is 2897782606 a multiple of 4934?
True
Is 620 a factor of 61102187?
False
Does 2833 divide 698269341?
True
Is 6 a factor of 197587230?
True
Does 11 divide 1766029578?
False
Is 299583792 a multiple of 806?
False
Does 9 divide 21403487?
False
Is 17 a factor of 39340261?
True
Is 71 a factor of 7313592?
False
Is 17495273 a multiple of 877?
True
Is 163992101 a multiple of 1372?
False
Is 1139931059 a multiple of 44?
False
Is 85362656 a multiple of 41?
True
Does 218 divide 2273891074?
True
Does 4731 divide 280421682?
False
Is 14 a factor of 90202160?
False
Is 5 a factor of 25154216?
False
Does 23 divide 83920146?
True
Does 6289 divide 430337403?
True
Is 779183146 a multiple of 113?
False
Is 1042854028 a multiple of 596?
False
Is 163898218 a multiple of 8?
False
Does 30 divide 4274130?
True
Is 327 a factor of 1614181780?
False
Is 79948500 a multiple of 750?
True
Is 233946900 a multiple of 60?
True
Does 23 divide 42930512?
True
Is 80728524 a multiple of 160?
False
Is 3 a factor of 909418587?
True
Is 1585 a factor of 134766210?
True
Is 81 a factor of 2938981158?
True
Is 46943600 a multiple of 94?
True
Is 885 a factor of 1658412950?
False
Is 313579070 a multiple of 41?
True
Is 144266250 a multiple of 15?
True
Is 21 a factor of 6602190?
True
Is 8565093 a multiple of 629?
True
Is 345304440 a multiple of 20?
True
Is 1539651120 a multiple of 7224?
True
Is 921 a factor of 845005391?
False
Is 10244182 a multiple of 2?
True
Is 402764992 a multiple of 1069?
True
Does 658 divide 34027154?
True
Does 66 divide 2142630501?
False
Is 392856511 a multiple of 81?
False
Does 10 divide 9166540?
True
Does 298 divide 1478864634?
True
Is 67 a factor of 46064510?
True
Is 26485095 a multiple of 13?
True
Does 19 divide 721318?
False
Is 816583 a multiple of 7?
False
Does 1829 divide 165496579?
False
Does 46 divide 67709799?
False
Is 4002 a factor of 4194945376?
False
Is 10 a factor of 37504240?
True
Does 169 divide 605566941?
False
Is 12 a factor of 31672032?
True
Is 1092 a factor of 479884413?
False
Is 25240184 a multiple of 4?
True
Is 36 a factor of 649939392?
True
Is 36 a factor of 36736327?
False
Is 3 a factor of 29508552?
True
Does 382 divide 318008888?
True
Is 173 a factor of 2924678865?
False
Is 31 a factor of 14024198?
False
Is 279 a factor of 262707237?
True
Does 47 divide 598676950?
False
Is 4643540 a multiple of 2?
True
Is 421492890 a multiple of 91?
True
Is 1562430378 a multiple of 246?
True
Is 37939725 a multiple of 2763?
False
Is 83 a factor of 1566655?
False
Is 5898444084 a multiple of 39?
True
Is 7 a factor of 26383607?
False
Is 31 a factor of 224568557?
True
Does 1196 divide 394483856?
True
Is 48 a factor of 405775?
False
Does 123 divide 539375489?
False
Is 578848312 a multiple of 3208?
True
Is 2526 a factor of 266835736?
False
Is 146 a factor of 112338824?
True
Does 105 divide 221252430?
True
Does 61 divide 1250196769?
True
Is 177560750 a multiple of 750?
False
Is 11 a factor of 23556688?
False
Is 1248 a factor of 160747212?
False
Does 11 divide 26373072?
True
Is 2375294771 a multiple of 822?
False
Does 8 divide 319413672?
True
Does 13 divide 333901035?
True
Does 487 divide 53397115?
True
Is 1955697792 a multiple of 96?
True
Does 4147 divide 864690970?
True
Is 575403252 a multiple of 4468?
False
Does 24 divide 78095712?
True
Is 586465540 a multiple of 74?
True
Is 1302 a factor of 241592382?
False
Is 72807660 a multiple of 1065?
True
Is 48 a factor of 514044144?
True
Does 45 divide 1509028021?
False
Is 335060988 a multiple of 1849?
True
Is 434 a factor of 338086?
True
Is 124765292 a multiple of 67?
False
Is 1366 a factor of 541878860?
False
Does 3758 divide 4519336978?
True
Does 181 divide 935313337?
True
Is 45032897 a multiple of 3707?
False
Is 68 a factor of 71226192?
True
Is 34550211 a multiple of 10?
False
Is 1005694073 a multiple of 311?
True
Does 35 divide 20285425?
False
Is 26688197 a multiple of 610?
False
Is 4789 a factor of 566950857?
False
Does 1140 divide 9661310?
False
Is 785 a factor of 34115738?
False
Is 9006396 a multiple of 147?
True
Is 6 a factor of 4506080?
False
Is 169 a factor of 5611307?
True
Does 6538 divide 95998959?
False
Does 12 divide 47028203?
False
Does 130 divide 75316458?
False
Is 1492 a factor of 32183932?
True
Is 28 a factor of 12632648?
True
Does 380 divide 188704580?
True
Is 108245667 a multiple of 4?
False
Does 4 divide 40100089?
False
Is 23878963 a multiple of 137?
True
Does 66 divide 18905854?
False
Is 2 a factor of 61732539?
False
Does 73 divide 104750317?
False
Is 142 a factor of 8175934?
True
Does 14 divide 158416437?
False
Does 615 divide 7667460?
False
Is 30561372 a multiple of 36?
True
Is 10 a factor of 29509380?
True
Does 796 divide 120050448?
False
Does 119 divide 119937577?
False
Does 3482 divide 137824524?
True
Is 176449581 a multiple of 2637?
True
Does 19 divide 133888353?
False
Is 14 a factor of 419651526?
True
Is 36679320 a multiple of 90?
True
Is 717 a factor of 249635739?
True
Is 50 a factor of 176964700?
True
Does 5 divide 368387432?
False
Does 13 divide 6584475972?
False
Is 63 a factor of 112371749?
False
Does 108 divide 651412372?
False
Does 120 divide 135799680?
True
Is 22550036 a multiple of 76?
True
Is 12028 a factor of 1403245322?
False
Does 17 divide 312153949?
True
Does 2020 divide 5287462000?
False
Is 117669366 a multiple of 12?
False
Does 560 divide 121357580?
False
Does 19 divide 572844625?
False
Is 481 a factor of 60946067?
True
Does 27 divide 208223001?
True
Is 44 a factor of 373055818?
False
Does 78 divide 77054718?
True
Is 2655 a factor of 14420986?
False
Does 68 divide 2100452?
True
Is 180889296 a multiple of 552?
True
Is 5 a factor of 6678360?
True
Is 25266494 a multiple of 121?
True
Is 28579826 a multiple of 2794?
True
Is 548890560 a multiple of 1224?
True
Does 188 divide 79807289?
False
Is 267760720 a multiple of 20?
True
Does 28 divide 110257924?
True
Does 26 divide 63552008?
True
Is 153 a factor of 42473939?
False
Is 677642397 a multiple of 1085?
False
Is 56 a factor of 24310500?
False
Is 2493 a factor of 913500018?
True
Does 77 divide 11891830?
False
Is 3834577 a multiple of 64?
False
Does 21 divide 803758956?
True
Does 481 divide 339533074?
False
Is 50922082 a multiple of 41?
True
Is 1921 a factor of 43339681?
True
Does 1384 divide 53437624?
True
Is 3189182020 a multiple of 2876?
True
Is 451 a factor of 665859969?
False
Is 724907820 a multiple of 364?
True
Is 101683969 a multiple of 103?
True
Is 52075984 a multiple of 108?
False
Is 26562180 a multiple of 365?
False
Is 111 a factor of 78492873?
True
Does 14 divide 2076340?
True
Is 92 a factor of 2378292?
True
Is 80 a factor of 26093680?
True
Does 1982 divide 166468180?
True
Is 110430597 a multiple of 231?
False
Does 3 divide 38280958?
False
Is 10 a factor of 526934540?
True
Is 16 a factor of 271287312?
True
Is 14795590 a multiple of 1992?
False
Does 84 divide 61216764?
True
Is 26 a factor of 99906456?
True
Is 873811588 a multiple of 13?
True
Is 2289316776 a multiple of 46?
True
Does 43 divide 9513621?
True
Is 652 a factor of 535892962?
False
Is 2346416813 a multiple of 1613?
False
Is 5240800 a multiple of 31?
False
Is 351 a factor of 137311501?
False
Is 906677772 a multiple of 98?
True
Is 13 a factor of 268136351?
False
Does 496 divide 51662864?
True
Is 9 a factor of 16295585?
False
Is 14 a factor of 5501226262?
True
Is 4886 a factor of 897362760?
True
Is 8 a factor of 28291728?
True
Is 833 a factor of 22295245?
True
Is 30 a factor of 99548294?
False
Is 13 a factor of 2266852965?
True
Is 192 a factor of 710889393?
False
Is 91 a factor of 34756796?
False
Is 188372 a multiple of 21?
False
Is 75 a factor of 3903448515?
False
Is 27 a factor of 1473525?
True
Does 5 divide 777258730?
True
Does 272 divide 988580464?
True
Is 6434 a factor of 853904722?
False
Is 32123024 a multiple of 8?
True
Does 738 divide 171198179?
False
